{"id":383,"date":"2023-06-19T09:44:20","date_gmt":"2023-06-19T07:44:20","guid":{"rendered":"http:\/\/neu.aphasie-hirnstimulation.de\/?page_id=2"},"modified":"2023-12-24T12:03:38","modified_gmt":"2023-12-24T12:03:38","slug":"impressum","status":"publish","type":"page","link":"https:\/\/www.aphasie-hirnstimulation.de\/leicht\/impressum\/","title":{"rendered":"Impressum"},"content":{"rendered":"\n<p>DC_TRAIN_APHASIA ist ein Forschungsprojekt unter der Leitung von Frau Prof. Dr. Agnes Fl\u00f6el.<\/p>\n\n\n\n<p><strong>Kontakt<\/strong><\/p>\n\n\n\n<p>UNIVERSIT\u00c4TSMEDIZIN GREIFSWALD<br>Klinik und Poliklinik f\u00fcr Neurologie<br>Ferdinand-Sauerbruch-Stra\u00dfe<br>17475 Greifswald<\/p>\n\n\n\n<p>E-Mail: aphasie@uni-greifswald.de<br>Internet: aphasie-hirnstimulation.de<\/p>\n\n\n\n<p>Tel.: + 49 (0) 3834 86 -6745 \/-6749 \/-6759<br>Fax: + 49 (0) 3834 86 6716<\/p>\n","protected":false},"excerpt":{"rendered":"<p>DC_TRAIN_APHASIA ist ein Forschungsprojekt unter der Leitung von Frau Prof. Dr. Agnes Fl\u00f6el. Kontakt UNIVERSIT\u00c4TSMEDIZIN GREIFSWALDKlinik und Poliklinik f\u00fcr NeurologieFerdinand-Sauerbruch-Stra\u00dfe17475 Greifswald E-Mail: aphasie@uni-greifswald.deInternet: aphasie-hirnstimulation.de Tel.: + 49 (0) 3834 86 -6745 \/-6749 \/-6759Fax: + 49 (0) 3834 86 6716<\/p>\n","protected":false},"author":1,"featured_media":0,"parent":0,"menu_order":0,"comment_status":"closed","ping_status":"closed","template":"","meta":{"footnotes":""},"class_list":["post-383","page","type-page","status-publish","hentry","entry"],"_links":{"self":[{"href":"https:\/\/www.aphasie-hirnstimulation.de\/leicht\/wp-json\/wp\/v2\/pages\/383","targetHints":{"allow":["GET"]}}],"collection":[{"href":"https:\/\/www.aphasie-hirnstimulation.de\/leicht\/wp-json\/wp\/v2\/pages"}],"about":[{"href":"https:\/\/www.aphasie-hirnstimulation.de\/leicht\/wp-json\/wp\/v2\/types\/page"}],"author":[{"embeddable":true,"href":"https:\/\/www.aphasie-hirnstimulation.de\/leicht\/wp-json\/wp\/v2\/users\/1"}],"replies":[{"embeddable":true,"href":"https:\/\/www.aphasie-hirnstimulation.de\/leicht\/wp-json\/wp\/v2\/comments?post=383"}],"version-history":[{"count":1,"href":"https:\/\/www.aphasie-hirnstimulation.de\/leicht\/wp-json\/wp\/v2\/pages\/383\/revisions"}],"predecessor-version":[{"id":478,"href":"https:\/\/www.aphasie-hirnstimulation.de\/leicht\/wp-json\/wp\/v2\/pages\/383\/revisions\/478"}],"wp:attachment":[{"href":"https:\/\/www.aphasie-hirnstimulation.de\/leicht\/wp-json\/wp\/v2\/media?parent=383"}],"curies":[{"name":"wp","href":"https:\/\/api.w.org\/{rel}","templated":true}]}}