{"id":90,"date":"2023-06-19T15:24:57","date_gmt":"2023-06-19T13:24:57","guid":{"rendered":"http:\/\/neu.aphasie-hirnstimulation.de\/?page_id=90"},"modified":"2024-01-20T11:30:56","modified_gmt":"2024-01-20T11:30:56","slug":"patientenstimmen","status":"publish","type":"page","link":"https:\/\/www.aphasie-hirnstimulation.de\/leicht\/die-studie\/patientenstimmen\/","title":{"rendered":"Patientenstimmen"},"content":{"rendered":"\n<p>Wir behandeln Patientinnen und Patienten mit Aphasie.<\/p>\n\n\n\n<p>Das sagen unsere Patienten:<\/p>\n\n\n\n<figure class=\"wp-block-video\"><video height=\"1920\" style=\"aspect-ratio: 1080 \/ 1920;\" width=\"1080\" controls src=\"https:\/\/www.aphasie-hirnstimulation.de\/leicht\/wp-content\/uploads\/2024\/01\/Video-von-Proband2.mp4\"><\/video><figcaption class=\"wp-element-caption\">Video eines Probanden<\/figcaption><\/figure>\n\n\n\n<p>Und ihre Angeh\u00f6rigen:<\/p>\n\n\n\n<figure class=\"wp-block-video\"><video height=\"1920\" style=\"aspect-ratio: 1080 \/ 1920;\" width=\"1080\" controls src=\"https:\/\/www.aphasie-hirnstimulation.de\/leicht\/wp-content\/uploads\/2024\/01\/Video-von-der-Ehefrau-Proband3.mp4\"><\/video><figcaption class=\"wp-element-caption\">Video einer Ehefrau eines Probanden<\/figcaption><\/figure>\n\n\n\n<p>Das sagen unsere Test-Leiter:<\/p>\n\n\n\n<figure class=\"wp-block-video\"><video height=\"1080\" style=\"aspect-ratio: 1920 \/ 1080;\" width=\"1920\" controls src=\"https:\/\/www.aphasie-hirnstimulation.de\/leicht\/wp-content\/uploads\/2024\/01\/Video-von-Frau-Thomas-einer-unserer-TestleiterInnen.mov\"><\/video><figcaption class=\"wp-element-caption\">Video von Frau Thomas, einer unserer Testleiterinnen<\/figcaption><\/figure>\n\n\n\n<p>Hier ein Patient von uns:<\/p>\n\n\n\n<figure class=\"wp-block-video\"><video height=\"1080\" style=\"aspect-ratio: 1920 \/ 1080;\" width=\"1920\" controls src=\"https:\/\/www.aphasie-hirnstimulation.de\/leicht\/wp-content\/uploads\/2024\/01\/Video-von-Proband1.mp4\"><\/video><figcaption class=\"wp-element-caption\">Video eines Probanden<\/figcaption><\/figure>\n\n\n\n<figure class=\"wp-block-image size-full\"><img loading=\"lazy\" decoding=\"async\" width=\"577\" height=\"722\" src=\"https:\/\/www.aphasie-hirnstimulation.de\/leicht\/wp-content\/uploads\/2024\/01\/Bild-mit-Proband1.png\" alt=\"\" class=\"wp-image-572\" srcset=\"https:\/\/www.aphasie-hirnstimulation.de\/leicht\/wp-content\/uploads\/2024\/01\/Bild-mit-Proband1.png 577w, https:\/\/www.aphasie-hirnstimulation.de\/leicht\/wp-content\/uploads\/2024\/01\/Bild-mit-Proband1-240x300.png 240w\" sizes=\"auto, (max-width: 577px) 100vw, 577px\" \/><figcaption class=\"wp-element-caption\">Bild eines Probanden<\/figcaption><\/figure>\n\n\n\n<figure class=\"wp-block-image size-full\"><img loading=\"lazy\" decoding=\"async\" width=\"576\" height=\"724\" src=\"https:\/\/www.aphasie-hirnstimulation.de\/leicht\/wp-content\/uploads\/2024\/01\/Bild-mit-Mutter-von-Proband1.png\" alt=\"\" class=\"wp-image-573\" srcset=\"https:\/\/www.aphasie-hirnstimulation.de\/leicht\/wp-content\/uploads\/2024\/01\/Bild-mit-Mutter-von-Proband1.png 576w, https:\/\/www.aphasie-hirnstimulation.de\/leicht\/wp-content\/uploads\/2024\/01\/Bild-mit-Mutter-von-Proband1-239x300.png 239w\" sizes=\"auto, (max-width: 576px) 100vw, 576px\" \/><figcaption class=\"wp-element-caption\">Bild einer Mutter eines Probanden<\/figcaption><\/figure>\n\n\n\n<p>F\u00fcr eine \u00dcbersicht von allen Test-Leitern klicken Sie <a href=\"https:\/\/www.aphasie-hirnstimulation.de\/leicht\/mitwirkende\/testleiter\/\" data-type=\"page\" data-id=\"94\">HIER<\/a>.<\/p>\n","protected":false},"excerpt":{"rendered":"<p>Wir behandeln Patientinnen und Patienten mit Aphasie. Das sagen unsere Patienten: Und ihre Angeh\u00f6rigen: Das sagen unsere Test-Leiter: Hier ein Patient von uns: F\u00fcr eine \u00dcbersicht von allen Test-Leitern klicken Sie HIER.<\/p>\n","protected":false},"author":1,"featured_media":0,"parent":75,"menu_order":0,"comment_status":"closed","ping_status":"closed","template":"","meta":{"footnotes":""},"class_list":["post-90","page","type-page","status-publish","hentry","entry"],"_links":{"self":[{"href":"https:\/\/www.aphasie-hirnstimulation.de\/leicht\/wp-json\/wp\/v2\/pages\/90","targetHints":{"allow":["GET"]}}],"collection":[{"href":"https:\/\/www.aphasie-hirnstimulation.de\/leicht\/wp-json\/wp\/v2\/pages"}],"about":[{"href":"https:\/\/www.aphasie-hirnstimulation.de\/leicht\/wp-json\/wp\/v2\/types\/page"}],"author":[{"embeddable":true,"href":"https:\/\/www.aphasie-hirnstimulation.de\/leicht\/wp-json\/wp\/v2\/users\/1"}],"replies":[{"embeddable":true,"href":"https:\/\/www.aphasie-hirnstimulation.de\/leicht\/wp-json\/wp\/v2\/comments?post=90"}],"version-history":[{"count":5,"href":"https:\/\/www.aphasie-hirnstimulation.de\/leicht\/wp-json\/wp\/v2\/pages\/90\/revisions"}],"predecessor-version":[{"id":576,"href":"https:\/\/www.aphasie-hirnstimulation.de\/leicht\/wp-json\/wp\/v2\/pages\/90\/revisions\/576"}],"up":[{"embeddable":true,"href":"https:\/\/www.aphasie-hirnstimulation.de\/leicht\/wp-json\/wp\/v2\/pages\/75"}],"wp:attachment":[{"href":"https:\/\/www.aphasie-hirnstimulation.de\/leicht\/wp-json\/wp\/v2\/media?parent=90"}],"curies":[{"name":"wp","href":"https:\/\/api.w.org\/{rel}","templated":true}]}}